{"id":612,"date":"2013-11-12T12:38:39","date_gmt":"2013-11-12T12:38:39","guid":{"rendered":"http:\/\/www.smalandsakademi.se\/?page_id=612"},"modified":"2025-11-16T08:45:50","modified_gmt":"2025-11-16T08:45:50","slug":"tidigare-ledamoter","status":"publish","type":"page","link":"http:\/\/www.smalandsakademi.se\/?page_id=612","title":{"rendered":"Tidigare ledam\u00f6ter"},"content":{"rendered":"<p><b>Tidigare ledam\u00f6ter i Sm\u00e5lands Akademi<\/b><\/p>\n<p><b>Stol 1<\/b><\/p>\n<p>Astrid Lindgren (1993-2000 hedersledamot 2000-2002))<\/p>\n<p>Roland Hallgren (2001-2007)<\/p>\n<p>Tomas Arvidsson (2008-2016)<\/p>\n<p>Vakans 2017<\/p>\n<p>Kristina Als\u00e9r 2018 \u2013<\/p>\n<p><b>Stol 2<\/b><\/p>\n<p>Ann-Charlotte Alverfors (1993-1996)<\/p>\n<p>Brigitte K\u00fchne (1998-2013)<\/p>\n<p>Fredrik Sj\u00f6berg 2014 \u2013<\/p>\n<p><b>Stol 3<\/b><\/p>\n<p>Jan-Arvid Hellstr\u00f6m (1993-1994)<\/p>\n<p>Anders Wejryd (1995-2006, hedersledamot 2006-)<\/p>\n<p>Jan-Olof Johansson (2007-2019, hedersledamot 2019-)<\/p>\n<p>Meg N\u00f6g\u00e5rd, 2019 \u2013<\/p>\n<p><b>Stol 4<\/b><\/p>\n<p>Torgny Lindgren (1993-1997)<\/p>\n<p>K G Jan Gustafsson (1998-2005)<\/p>\n<p>Mimmi Mannheimer (2018-2024)<\/p>\n<p>Lars Alkner 2025-<\/p>\n<p><b>Stol 5<\/b><\/p>\n<p>Evertz Arnesson (1993-2000)<\/p>\n<p>Ingrid Nettervik (2000-2019)<\/p>\n<p>Vakans 2020<\/p>\n<p>Fredrik Mod\u00e9us 2021 \u2013<\/p>\n<p><b>Stol 6<\/b><\/p>\n<p>Alf Henrikson (1993-1995)<\/p>\n<p>Lars Bergquist (1995-2008, senior ledamot 2008-)<\/p>\n<p>Alice Bah Kuhnke (2012-2014, 2014- kultur- och demokratiminister)<\/p>\n<p>Susanne Ryd\u00e9n 2015 \u2013<\/p>\n<p><b>Stol 7<\/b><\/p>\n<p>Margareta Str\u00f6mstedt (1993-2011, senior ledamot 2011-2023)<\/p>\n<p>Erika Lagerbielke 2011 \u2013<\/p>\n<p><strong>Stol 8<\/strong><\/p>\n<p>Stefan Edman 1993-2025<\/p>\n<p>Katarina Ellborg 2025-<\/p>\n<p><b>Stol 9<\/b><\/p>\n<p>Olle Wingborg (1993-2006, senior ledamot 2006-2021)<\/p>\n<p>Lennart Johansson 2007 \u2013<\/p>\n<p><b>Stol 10<\/b><\/p>\n<p>Stig Tornehed (1993-2001, senior ledamot 2001-2017)<\/p>\n<p>Birgit Carlst\u00e9n (2001-2025)<\/p>\n<p><strong>Stol 11<\/strong><\/p>\n<p>Ulf Beijbom 1993 \u20132025<\/p>\n<p><b>Stol 12<\/b><\/p>\n<p>Mats Svegfors (1993-1996)<\/p>\n<p>Lars-\u00c5ke Engblom (1997-2024, senior ledamot 2024-)<\/p>\n<p>\u00c5sa Storck 2025-<\/p>\n<p><b>Stol 13<\/b><\/p>\n<p>Marian Ull\u00e9n (1993-2002, senior ledamot 2002-)<\/p>\n<p>Odd Zschiedrich 2003 \u2013<\/p>\n<p><b>Stol 14<\/b><\/p>\n<p>Gunnar Hillerdal (1993-2000, senior ledamot 2001-2016)<\/p>\n<p>Birgit Friggebo 2000 \u2013 2013 (hedersledamot 2014-)<\/p>\n<p>\u00d6rjan Molander 2014 \u2013<\/p>\n<p><b>Stol 15<\/b><\/p>\n<p>Ulla Olin (1993-2001)<\/p>\n<p>Anders Johansson (2001-2003)<\/p>\n<p>Magnus Gustafsson (2004-2025)<\/p>\n<p><b>Stol 16<\/b><\/p>\n<p>Lars-Olof Larsson (1993-2005, senior ledamot 2005-2020)<\/p>\n<p>Peter Aronsson 2005 \u2013<\/p>\n<p><b>Stol 17<\/b><\/p>\n<p>Ann-Sofie Ohlander (1993-2000)<\/p>\n<p>Christina Hamrin (2001-2011, senior ledamot\u00a0 2011-)<\/p>\n<p>Erik Lindfelt 2012 \u2013<\/p>\n<p><b>Stol 18<\/b><\/p>\n<p>Peter Nilson (1993-1998)<\/p>\n<p>Katarina Dun\u00e9r (1998-2012, senior ledamot 2012-)<\/p>\n<p>Vakans 2013 Cecilia Davidsson 2014 \u2013<\/p>\n\n\n<p><\/p>\n\n\n\n<p><\/p>\n","protected":false},"excerpt":{"rendered":"<p>Tidigare ledam\u00f6ter i Sm\u00e5lands Akademi Stol 1 Astrid Lindgren (1993-2000 [&hellip;]<\/p>\n","protected":false},"author":1,"featured_media":0,"parent":4,"menu_order":0,"comment_status":"open","ping_status":"open","template":"","meta":{"footnotes":""},"class_list":["post-612","page","type-page","status-publish","hentry"],"_links":{"self":[{"href":"http:\/\/www.smalandsakademi.se\/index.php?rest_route=\/wp\/v2\/pages\/612","targetHints":{"allow":["GET"]}}],"collection":[{"href":"http:\/\/www.smalandsakademi.se\/index.php?rest_route=\/wp\/v2\/pages"}],"about":[{"href":"http:\/\/www.smalandsakademi.se\/index.php?rest_route=\/wp\/v2\/types\/page"}],"author":[{"embeddable":true,"href":"http:\/\/www.smalandsakademi.se\/index.php?rest_route=\/wp\/v2\/users\/1"}],"replies":[{"embeddable":true,"href":"http:\/\/www.smalandsakademi.se\/index.php?rest_route=%2Fwp%2Fv2%2Fcomments&post=612"}],"version-history":[{"count":12,"href":"http:\/\/www.smalandsakademi.se\/index.php?rest_route=\/wp\/v2\/pages\/612\/revisions"}],"predecessor-version":[{"id":2049,"href":"http:\/\/www.smalandsakademi.se\/index.php?rest_route=\/wp\/v2\/pages\/612\/revisions\/2049"}],"up":[{"embeddable":true,"href":"http:\/\/www.smalandsakademi.se\/index.php?rest_route=\/wp\/v2\/pages\/4"}],"wp:attachment":[{"href":"http:\/\/www.smalandsakademi.se\/index.php?rest_route=%2Fwp%2Fv2%2Fmedia&parent=612"}],"curies":[{"name":"wp","href":"https:\/\/api.w.org\/{rel}","templated":true}]}}