{"id":1356,"date":"2020-05-10T08:36:07","date_gmt":"2020-05-10T08:36:07","guid":{"rendered":"http:\/\/www.smalandsakademi.se\/?page_id=1356"},"modified":"2025-11-20T08:02:06","modified_gmt":"2025-11-20T08:02:06","slug":"kulturpris","status":"publish","type":"page","link":"https:\/\/www.smalandsakademi.se\/?page_id=1356","title":{"rendered":"Sm\u00e5lands kulturpris"},"content":{"rendered":"<p><strong>Sm\u00e5lands Akademis kulturpris<\/strong><\/p>\n<p>Bertil och Gun Olsson, Vislanda, har beslutat att donera tv\u00e5 (2) miljoner kronor till Sm\u00e5lands Akademi f\u00f6r utdelning av ett kulturpris.<\/p>\n<p>Kulturpriset delas ut \u00e5rligen till en f\u00f6retr\u00e4desvis yngre och lovande konstn\u00e4r, f\u00f6rfattare, musiker eller n\u00e4rliggande kulturverksamhet. Priset ska i f\u00f6rsta hand delas ut till person med sm\u00e5l\u00e4ndsk anknytning. Prissumman beslutas av Sm\u00e5lands Akademis VU, men b\u00f6r vara runt 75\u00a0000 kronor.<\/p>\n<p style=\"font-weight: 400;\"><strong>2025 Beck Lund Socia<\/strong><\/p>\n<p style=\"font-weight: 400;\">Med en osedvanlig talang och skicklighet som glashantverkare och som sj\u00e4lvst\u00e4ndig glaskonstn\u00e4r med eget uttryck ger Beck Lund Socia ny energi till den samtida glaskonsten. Med sin f\u00f6rm\u00e5ga skapar han b\u00e5de egna verk som k\u00e4nnetecknas av personlig stil med fin k\u00e4nsla f\u00f6r materialet och hantverket samt samarbetar lyh\u00f6rt med andra konstn\u00e4rer f\u00f6r att f\u00f6rverkliga deras intentioner.<\/p>\n<p><a href=\"http:\/\/www.smalandsakademi.se\/wp-content\/uploads\/2025\/11\/Tal-till-Beck-Lund-Socia.pdf\">Tal till Beck Lund Socia<\/a><\/p>\n<p><strong>2024 Adam Ross<\/strong><\/p>\n<p>Trumslagare som \u00e4r en starkt lysande stj\u00e4rna p\u00e5 b\u00e5de den svenska och internationella jazzhimlen.<\/p>\n<p><strong>2023 <\/strong><strong>Kajsa Haagen<br \/>\n<\/strong>F\u00f6r sin nyskapande och utforskande konst, i s\u00e5v\u00e4l material som i uttrycksformen\u00a0performance, som utmanar betraktaren att se sakerna i nytt sken och reflektera \u00f6ver v\u00e5r samtid.<br \/>\n<em><a href=\"http:\/\/www.smalandsakademi.se\/wp-content\/uploads\/2023\/11\/TAL-TILL-KAJSA-HAAGEN.docx\">Tal till Kajsa Haagen<\/a><\/em><\/p>\n<p><strong>2022 Nina \u00c5kerblom Nielsen<br \/>\n<\/strong>I Nina \u00c5kerblom Nielsen kombineras en eldsj\u00e4ls engagemang med s\u00e5v\u00e4l bredd som spets. Nina \u00e4r en motor i det J\u00f6nk\u00f6pings musikliv, samtidigt som hon med sin r\u00f6st n\u00e5tt ut till stora delar av v\u00e4rlden genom bland annat tv-spelsmusik. Hennes repertoar rymmer allt fr\u00e5n ren\u00e4ssansmusik till jazz och judisk klezmertradition; idag m\u00f6ter vi hennes s\u00e5ng framf\u00f6r allt i barocken och folkmusiken.<br \/>\n<em><a href=\"http:\/\/www.smalandsakademi.se\/wp-content\/uploads\/2022\/11\/tal-kulturpris-2022.docx\">Tal till Nina \u00c5kerblom Nielsen <\/a><\/em><\/p>\n<p><strong>2021 Karolina Bengtsson<br \/>\n<\/strong>Sopranen Karolina Bengtssons unika r\u00f6st, i kombination med ett m\u00e5lmedvetet arbete, g\u00f6r att hon nu befinner sig i b\u00f6rjan av det som kommer att bli en str\u00e5lande karri\u00e4r. Hennes utbildning blev \u2013 direkt efter gymnasiet i V\u00e4xj\u00f6 \u2013 internationell; f\u00f6r n\u00e4rvarande \u00e4r hon engagerad vid Frankfurt Oper. Samtidigt som v\u00e4rlden \u00f6ppnar sig \u00e5terv\u00e4nder denna dotter av Skatel\u00f6v alltid till sin hembygd och berikar b\u00e5de sm\u00e5 och stora sammanhang med sin s\u00e5ng.<strong><br \/>\n<\/strong><em><a href=\"http:\/\/www.smalandsakademi.se\/wp-content\/uploads\/2021\/11\/Tal-till-Karolina-Bengtsson.docx\">Tal till Karolina Bengtsson<\/a><\/em><strong><br \/>\n<\/strong><\/p>\n<p><strong>2020 Emilia Linnerholm<\/strong><br \/>\nF\u00f6r ett kreativt och f\u00e4rgstarkt konstn\u00e4rskap som omfattar b\u00e5de m\u00e5leri, glasformgivning och s\u00e5ng. Fr\u00e5n den sm\u00e5l\u00e4ndska landsbygden n\u00e5r Emilia Linderholms konst, ofta inspirerad av danskonst och opera, l\u00e5ngt utanf\u00f6r Sveriges gr\u00e4nser n\u00e4r hennes kvinnogestalter f\u00f6rmedla k\u00e4nslor och ber\u00e4ttelser.<\/p>\n","protected":false},"excerpt":{"rendered":"<p>Sm\u00e5lands Akademis kulturpris Bertil och Gun Olsson, Vislanda, har beslutat [&hellip;]<\/p>\n","protected":false},"author":1,"featured_media":0,"parent":8,"menu_order":0,"comment_status":"closed","ping_status":"closed","template":"","meta":{"footnotes":""},"class_list":["post-1356","page","type-page","status-publish","hentry"],"_links":{"self":[{"href":"https:\/\/www.smalandsakademi.se\/index.php?rest_route=\/wp\/v2\/pages\/1356","targetHints":{"allow":["GET"]}}],"collection":[{"href":"https:\/\/www.smalandsakademi.se\/index.php?rest_route=\/wp\/v2\/pages"}],"about":[{"href":"https:\/\/www.smalandsakademi.se\/index.php?rest_route=\/wp\/v2\/types\/page"}],"author":[{"embeddable":true,"href":"https:\/\/www.smalandsakademi.se\/index.php?rest_route=\/wp\/v2\/users\/1"}],"replies":[{"embeddable":true,"href":"https:\/\/www.smalandsakademi.se\/index.php?rest_route=%2Fwp%2Fv2%2Fcomments&post=1356"}],"version-history":[{"count":17,"href":"https:\/\/www.smalandsakademi.se\/index.php?rest_route=\/wp\/v2\/pages\/1356\/revisions"}],"predecessor-version":[{"id":2075,"href":"https:\/\/www.smalandsakademi.se\/index.php?rest_route=\/wp\/v2\/pages\/1356\/revisions\/2075"}],"up":[{"embeddable":true,"href":"https:\/\/www.smalandsakademi.se\/index.php?rest_route=\/wp\/v2\/pages\/8"}],"wp:attachment":[{"href":"https:\/\/www.smalandsakademi.se\/index.php?rest_route=%2Fwp%2Fv2%2Fmedia&parent=1356"}],"curies":[{"name":"wp","href":"https:\/\/api.w.org\/{rel}","templated":true}]}}